ose -5*h - 3*z + 579 = -5*z, h = 2*z + 119. What is the tens digit of h?
1
Suppose -3*l + 156 = -m, -4*l - 3*m = l - 260. What is the tens digit of l?
5
Suppose 8*o - 319 = -3*o. What is the tens digit of o?
2
Let o(u) = -9*u + 33. What is the tens digit of o(-7)?
9
Let v = -3 + 4. Let n = 2 + -1. Let b = v + n. What is the units digit of b?
2
Let c = 2 + -18. Let x = 29 + c. Let t = x - 7. What is the units digit of t?
6
Let i = -3 + 3. Suppose 13*u - 17*u + 40 = i. What is the tens digit of u?
1
Let r be (-6)/(-27) - 183/(-27). Suppose -u - r = -15. What is the units digit of u?
8
Let j(x) = -x**3 + 9*x**2 - 5*x + 15. What is the tens digit of j(8)?
3
Suppose 11 = 6*t - 43. What is the units digit of t?
9
Let b = 7 + -4. What is the units digit of -7*(6/14 - b)?
8
Let y(v) = -4*v**3 + 3*v**2 - 11*v + 7. Let p(z) = -4*z**2 - 2 + 5*z**3 - 1 + 12*z - 5. Let k(n) = 5*p(n) + 6*y(n). What is the tens digit of k(4)?
1
Let z = 5 + -3. Suppose -18 - z = -4*w. Suppose 0 = -w*l + 5 + 5. What is the units digit of l?
2
Let y(b) = -b**3 + 4*b**2 - 2*b. Let u be y(4). Let k = u + 5. Let j(g) = 2*g**2 + 2*g + 4. What is the units digit of j(k)?
6
Suppose 175 = 4*z - 5*v, 2*z = -3*v + 16 + 55. What is the units digit of z?
0
Let z = 63 + 43. What is the units digit of z?
6
Suppose 5*g = -3 + 18. Suppose g*u = -0*u + 129. What is the tens digit of u?
4
Let p(m) = m + 9. What is the units digit of p(-2)?
7
Let i(n) = n**2 + 2*n. Let k be i(-3). Suppose 3*p - 78 = -k*f + 7*p, 0 = 3*p. What is the tens digit of f?
2
Suppose 0 = -4*d - 4 - 60. Let c = d + 22. Let q = 10 - c. What is the units digit of q?
4
Let a(n) = -n**2 + 3*n + 4. Let f be a(4). Suppose 2*u + f = 6. What is the units digit of u?
3
Let p be 8/1 - (2 - -1). Let r(m) = -m**3 + 5*m**2 - m + 7. Let s be r(p). Suppose -s*x = 3*u - 16, -4*u + 4*x - 6 = -14. What is the units digit of u?
4
Let c be (-1)/(-3) - (-104)/12. Let k(m) = m**2 + 0 - 2 + 6 - c*m. What is the units digit of k(9)?
4
Let s(g) = g + 5. Suppose -5*v - 4*q + 1 + 2 = 0, -2*q = 3*v - 3. Suppose -v*t - 5 = -4*t. What is the tens digit of s(t)?
1
Suppose 3*t - 59 = 181. What is the units digit of t?
0
Suppose -144 = -6*v + 2*v. Suppose 6 = -l + v. What is the units digit of l?
0
Let j(a) = a + 5 - 4 - 4*a. Let s be 1*(1 - (5 + -3)). What is the units digit of j(s)?
4
Let y be 6/(-1 - (-5)/4). Let r = -6 + 10. What is the tens digit of (-1)/r + 366/y?
1
What is the units digit of (-1 + 0)*1*-31?
1
Let f = -36 - -81. Suppose 4*i + i = f. What is the units digit of i?
9
Let d = 18 + -40. Let u = 31 + d. What is the units digit of u?
9
Let a(y) be the second derivative of y**4/12 + 4*y**3/3 - 4*y**2 + 6*y. What is the units digit of a(-9)?
1
Suppose -5*s - 12 = 18. Let l = -1 - s. What is the units digit of (-1)/l + (-102)/(-10)?
0
What is the tens digit of -4 + (12/3 - -51)?
5
Let u(m) = -m**3 + 4*m**2 - 4. Let i be u(4). Let z = i + 7. What is the units digit of (-2*12/z)/(-2)?
4
Let a(n) = n**3 + 6*n**2 + n - 7. What is the units digit of a(-5)?
3
Let j be (18/8)/((-15)/80). Let s = j + 22. What is the tens digit of s?
1
Let p(c) = c**2 - 2*c - 1. Let a be p(-1). Let n be (-5)/(-4) - (-1)/(-4). What is the units digit of a - (0/n)/1?
2
What is the hundreds digit of (2826/24 - -1) + 2/8?
1
Let b(w) = -w**2 - 3*w + 8. Let p be b(-6). What is the tens digit of 8/20 - 456/p?
4
Suppose 5 = -k + 2*k. Suppose 0 = -3*q + 10 + k. What is the units digit of q?
5
Let k(w) be the second derivative of -w**5/20 + 2*w**4/3 - 4*w**3/3 + 2*w**2 + 2*w. Let j be k(7). What is the tens digit of 105/6 - j/6?
1
Suppose 4*s + 3*t = 172, 3*s + 5*t - 86 = s. What is the tens digit of s?
4
Let g(o) = o + 19. Let r = -15 - -2. What is the units digit of g(r)?
6
Let r(d) = -4*d - 3. Let c be 3 + -2 - 5 - 0. What is the tens digit of r(c)?
1
Suppose -210 = -4*b - b. What is the units digit of b?
2
What is the tens digit of (10 - 10) + 42/2?
2
Suppose -5*y + 10 = -145. What is the tens digit of y?
3
Let j(c) = 2*c**3 - 4*c**2 - 1. Let z be j(3). Let q = z + -1. What is the tens digit of q?
1
Suppose -5*q + 10 + 0 = 0. Let g(h) be the second derivative of 5*h**3/6 - h**2/2 + 14*h. What is the units digit of g(q)?
9
Let z = 2 + -4. Let l be 16*z/((-24)/15). What is the units digit of (l/25)/(1/10)?
8
Let o = -4 + 4. Suppose o*w + 5*w = 60. What is the units digit of w?
2
Suppose l - 2*b = -b + 120, l + 5*b = 150. What is the tens digit of l?
2
Let y(k) = -k**3 + 6*k**2 - 4*k. Let g be y(5). Suppose -38 = g*i - 3. Let q = 8 + i. What is the units digit of q?
1
Let u(i) = i**3 + 6*i**2 + 6*i + 7. What is the units digit of u(-5)?
2
Suppose 0 = -2*o + z + 46, -3*o + 40 = -4*z - 39. What is the tens digit of o?
2
Let d(g) = g - 2. Suppose 3*b - 13 = 2. Let k be d(b). Suppose 10 = -f + k*f. What is the units digit of f?
5
Let b be -1 + (2/1 - -1). Suppose -4*h = h. Suppose 5*k + 5*t - b*t = 20, -5*t = h. What is the units digit of k?
4
Suppose 32 = -0*k - 4*k. Suppose -i - 1 = 1. What is the units digit of (7/4)/(i/k)?
7
Suppose 3*a + 4*v = 132, 4*v + 49 = -5*a + 277. Suppose -3*h + a = 5*d, -5*h - 10 - 34 = -2*d. What is the units digit of d?
2
Let f(i) = i - 5. Let n be f(8). Suppose 10 = n*s - 2*s. What is the tens digit of s?
1
Suppose -18 + 2 = z. What is the tens digit of 2/(z/(-124))*2?
3
Suppose 2*d - 98 = -5*o, -d = 1 - 0. Suppose -o - 5 = -5*t. What is the units digit of t?
5
Let k be 1 - (-24)/(4/2). Let d = -8 + k. Suppose 0 = -c - 4*x + x - 2, 10 = 5*c - d*x. What is the units digit of c?
1
Suppose x - 90 = -q, -3*q + 90 = x - 6*q. What is the units digit of x?
0
Suppose 4*f = -2*v + 520, 3*v = -5*f + 239 + 542. What is the units digit of v/14 + 8/28?
9
Suppose 4*k - 287 = -3*m, 0 = -4*k + 5*m + 117 + 130. What is the tens digit of k?
6
Suppose -4*c - 4 = 0, c = -m + 4*c + 2. Let w be (m/1)/(3/(-12)). Suppose w = j + 2. What is the units digit of j?
2
Suppose 2*u = 22 - 16. What is the units digit of u?
3
Suppose -t - 499 = -3*i - 2*t, 3*i - 511 = -4*t. What is the hundreds digit of i?
1
Suppose -4*x + 3*j = -228, -6*x + 2*x + 228 = 3*j. Suppose m + x = 2*m. What is the tens digit of m?
5
What is the units digit of (-1*43)/((-7)/21)?
9
Let t(i) = -2*i + 2. Let a be t(3). What is the units digit of (-9)/(-6)*a/(-6)?
1
Suppose 5*i - 3*l - 42 = 0, -4*l - 12 = -2*i + 16. What is the units digit of i?
6
Let r(g) = -3*g - 1. Let x be r(-1). Suppose -i - 12 = -x*i. What is the tens digit of i?
1
Suppose 0 = -l - 2*l + 6. Suppose 5*z = r + 13, -l*r - 2 = -7*z + 3*z. What is the units digit of r?
7
Suppose 0 = -2*v + 6*v. What is the units digit of 13 + (-4)/2 + v?
1
Let j = -11 + 32. Suppose 3*p - 18 = j. What is the tens digit of p?
1
Suppose 4 + 0 = -2*b. Let v be (3 - -1)/(1 + b). Let i(u) = -u**3 - 3*u**2 + 3*u - 3. What is the units digit of i(v)?
1
Suppose l - 2*t + 2 = -0, -8 = 4*l - 3*t. What is the units digit of 38 - (-2 - -2)/l?
8
Suppose -3*b + 2*b + 2 = -4*d, 2*d - 2*b = 2. Let h(f) = 16*f**2 - 1. What is the units digit of h(d)?
5
Suppose -h = 5*z - 21, -4*h - 2*z - 14 = -5*h. What is the units digit of h?
6
Suppose 14*v - 4*v - 230 = 0. What is the units digit of v?
3
Suppose 3*n = -5*z - 11, n - 4 + 5 = -z. Let g = 16 + z. What is the units digit of g?
2
Suppose -5*t = 3*j - 21, 4*j - t + 6*t = 33. Let p(s) = s**3 - 11*s**2 - 11*s + 4. What is the units digit of p(j)?
6
Let l(z) = -5*z**2 + 10*z - 1. Let n(f) = 3*f**2 - 5*f. Let s(x) = -4*l(x) - 7*n(x). Let v be s(-4). What is the units digit of 50/6 - v/(-12)?
9
Suppose 0 = -5*f + 154 - 4. What is the units digit of f?
0
Let r be 3/2*40/30. Suppose 0*l = l + 4*t + r, 5*l + 2*t = 8. Suppose b + 2*w = 9, 2*b + 5*w = 3*b - l. What is the units digit of b?
7
Let f(k) = -4*k**2 - 5*k + 3. Let u(y) = 5*y**2 + 5*y - 3. Let n(l) = 7*f(l) + 6*u(l). What is the units digit of n(3)?
6
Suppose 0 = -14*j + 18*j - 780. What is the units digit of j?
5
Let w(c) = -c**2 + 4*c + 2. Let t be w(4). Suppose -3*k = 6*r - r - 234, -231 = -5*r - t*k. Let f = -28 + r. What is the tens digit of f?
1
What is the units digit of 4/22 + 720/33?
2
Let x = 57 - -2. What is the tens digit of x?
5
Suppose -3*h + 0*i + 181 = 2*i, 124 = 2*h + 3*i. What is the units digit of h?
9
Let z(b) = b**2 - 6*b - 1. Let v be z(5). Let x be -